{"id":93,"date":"2025-08-04T16:16:09","date_gmt":"2025-08-04T13:16:09","guid":{"rendered":"https:\/\/schnabelmachine.com\/?page_id=93"},"modified":"2025-08-15T10:03:10","modified_gmt":"2025-08-15T07:03:10","slug":"uretim","status":"publish","type":"page","link":"https:\/\/schnabelmachine.com\/index.php\/uretim\/","title":{"rendered":"\u00dcretim"},"content":{"rendered":"\t\t<div data-elementor-type=\"wp-page\" data-elementor-id=\"93\" class=\"elementor elementor-93\" data-elementor-post-type=\"page\">\n\t\t\t\t<div data-particle_enable=\"false\" data-particle-mobile-disabled=\"false\" class=\"elementor-element elementor-element-c569028 e-con-full e-flex e-con e-parent\" data-id=\"c569028\" data-element_type=\"container\" data-settings=\"{&quot;background_background&quot;:&quot;classic&quot;}\">\n\t\t<div data-particle_enable=\"false\" data-particle-mobile-disabled=\"false\" class=\"elementor-element elementor-element-558adae6 e-flex e-con-boxed elementor-invisible e-con e-child\" data-id=\"558adae6\" data-element_type=\"container\" data-settings=\"{&quot;animation&quot;:&quot;fadeInUp&quot;}\">\n\t\t\t\t\t<div class=\"e-con-inner\">\n\t\t\t\t<div class=\"elementor-element elementor-element-4f882272 elementor-widget elementor-widget-heading\" data-id=\"4f882272\" data-element_type=\"widget\" data-widget_type=\"heading.default\">\n\t\t\t\t\t<h2 class=\"elementor-heading-title elementor-size-default\"><h2 data-elementor-setting-key=\"title\" data-pen-placeholder=\"Buraya Yaz\u0131n...\" style=\"font-style: normal;font-weight: 600;font-size: 32.25px;font-family: Roboto, sans-serif;max-width: none\"><span data-start=\"1289\" data-end=\"1357\" style=\"font-weight: 700;max-width: none\">Alman m\u00fckemmeliyet\u00e7ili\u011fi ile T\u00fcrk \u00fcretim kabiliyetinin birle\u015fimi<\/span><span style=\"font-family: Roboto, sans-serif;font-size: 32.25px;font-weight: 600\"><\/span><\/h2><\/h2>\t\t\t\t<\/div>\n\t\t\t\t<div class=\"elementor-element elementor-element-567d09a2 elementor-widget elementor-widget-heading\" data-id=\"567d09a2\" data-element_type=\"widget\" data-widget_type=\"heading.default\">\n\t\t\t\t\t<h6 class=\"elementor-heading-title elementor-size-default\"><p>Kahve end\u00fcstrisine en verimli, en g\u00fcvenilir ve en yenilik\u00e7i ta\u015f\u0131ma sistemlerini sunuyoruz.<span style=\"font-family: Roboto, sans-serif;font-size: 1rem;font-weight: 600\"><\/span><\/p><\/h6>\t\t\t\t<\/div>\n\t\t\t\t\t<\/div>\n\t\t\t\t<\/div>\n\t\t<div data-particle_enable=\"false\" data-particle-mobile-disabled=\"false\" class=\"elementor-element elementor-element-7e467cde e-con-full e-flex e-con e-child\" data-id=\"7e467cde\" data-element_type=\"container\">\n\t\t<div data-particle_enable=\"false\" data-particle-mobile-disabled=\"false\" class=\"elementor-element elementor-element-1225e10c e-con-full e-flex elementor-invisible e-con e-child\" data-id=\"1225e10c\" data-element_type=\"container\" data-settings=\"{&quot;animation&quot;:&quot;fadeInLeft&quot;}\">\n\t\t\t\t<div class=\"elementor-element elementor-element-b64c0f1 elementor-position-top elementor-widget elementor-widget-image-box\" data-id=\"b64c0f1\" data-element_type=\"widget\" data-widget_type=\"image-box.default\">\n\t\t\t\t\t<div class=\"elementor-image-box-wrapper\"><figure class=\"elementor-image-box-img\"><img fetchpriority=\"high\" decoding=\"async\" width=\"2000\" height=\"1125\" src=\"https:\/\/schnabelmachine.com\/wp-content\/uploads\/2025\/08\/earth-horizon.jpg\" class=\"attachment-full size-full wp-image-125\" alt=\"\" srcset=\"https:\/\/schnabelmachine.com\/wp-content\/uploads\/2025\/08\/earth-horizon.jpg 2000w, https:\/\/schnabelmachine.com\/wp-content\/uploads\/2025\/08\/earth-horizon-300x169.jpg 300w, https:\/\/schnabelmachine.com\/wp-content\/uploads\/2025\/08\/earth-horizon-1024x576.jpg 1024w, https:\/\/schnabelmachine.com\/wp-content\/uploads\/2025\/08\/earth-horizon-768x432.jpg 768w, https:\/\/schnabelmachine.com\/wp-content\/uploads\/2025\/08\/earth-horizon-1536x864.jpg 1536w\" sizes=\"(max-width: 2000px) 100vw, 2000px\" \/><\/figure><div class=\"elementor-image-box-content\"><h2 class=\"elementor-image-box-title\">Yerel \u00dcretim Global Kalite<\/h2><p class=\"elementor-image-box-description\">D\u00fcnya standartlar\u0131nda \u00fcretim, h\u0131zl\u0131 tedarik ve rekabet\u00e7i maliyet<\/p><\/div><\/div>\t\t\t\t<\/div>\n\t\t\t\t<\/div>\n\t\t<div data-particle_enable=\"false\" data-particle-mobile-disabled=\"false\" class=\"elementor-element elementor-element-26129302 e-con-full e-flex elementor-invisible e-con e-child\" data-id=\"26129302\" data-element_type=\"container\" data-settings=\"{&quot;animation&quot;:&quot;fadeInLeft&quot;,&quot;animation_delay&quot;:200}\">\n\t\t\t\t<div class=\"elementor-element elementor-element-9b18294 elementor-position-top elementor-widget elementor-widget-image-box\" data-id=\"9b18294\" data-element_type=\"widget\" data-widget_type=\"image-box.default\">\n\t\t\t\t\t<div class=\"elementor-image-box-wrapper\"><figure class=\"elementor-image-box-img\"><img decoding=\"async\" width=\"2560\" height=\"1707\" src=\"https:\/\/schnabelmachine.com\/wp-content\/uploads\/2025\/08\/engineer-team-scaled.jpg\" class=\"attachment-full size-full wp-image-126\" alt=\"\" srcset=\"https:\/\/schnabelmachine.com\/wp-content\/uploads\/2025\/08\/engineer-team-scaled.jpg 2560w, https:\/\/schnabelmachine.com\/wp-content\/uploads\/2025\/08\/engineer-team-300x200.jpg 300w, https:\/\/schnabelmachine.com\/wp-content\/uploads\/2025\/08\/engineer-team-1024x683.jpg 1024w, https:\/\/schnabelmachine.com\/wp-content\/uploads\/2025\/08\/engineer-team-768x512.jpg 768w, https:\/\/schnabelmachine.com\/wp-content\/uploads\/2025\/08\/engineer-team-1536x1024.jpg 1536w, https:\/\/schnabelmachine.com\/wp-content\/uploads\/2025\/08\/engineer-team-2048x1365.jpg 2048w\" sizes=\"(max-width: 2560px) 100vw, 2560px\" \/><\/figure><div class=\"elementor-image-box-content\"><h2 class=\"elementor-image-box-title\">Uzman \u0130\u015f G\u00fcc\u00fc<\/h2><p class=\"elementor-image-box-description\">T\u00fcrkiye\u2019nin deneyimli teknik kadrosuyla hatas\u0131z \u00fcretim s\u00fcre\u00e7leri<\/p><\/div><\/div>\t\t\t\t<\/div>\n\t\t\t\t<\/div>\n\t\t<div data-particle_enable=\"false\" data-particle-mobile-disabled=\"false\" class=\"elementor-element elementor-element-5a1c4c29 e-con-full e-flex elementor-invisible e-con e-child\" data-id=\"5a1c4c29\" data-element_type=\"container\" data-settings=\"{&quot;animation&quot;:&quot;fadeInRight&quot;,&quot;animation_delay&quot;:200}\">\n\t\t\t\t<div class=\"elementor-element elementor-element-849d5fe elementor-position-top elementor-widget elementor-widget-image-box\" data-id=\"849d5fe\" data-element_type=\"widget\" data-widget_type=\"image-box.default\">\n\t\t\t\t\t<div class=\"elementor-image-box-wrapper\"><figure class=\"elementor-image-box-img\"><img decoding=\"async\" width=\"2560\" height=\"1707\" src=\"https:\/\/schnabelmachine.com\/wp-content\/uploads\/2025\/08\/metalspring-scaled.jpg\" class=\"attachment-full size-full wp-image-127\" alt=\"\" srcset=\"https:\/\/schnabelmachine.com\/wp-content\/uploads\/2025\/08\/metalspring-scaled.jpg 2560w, https:\/\/schnabelmachine.com\/wp-content\/uploads\/2025\/08\/metalspring-300x200.jpg 300w, https:\/\/schnabelmachine.com\/wp-content\/uploads\/2025\/08\/metalspring-1024x683.jpg 1024w, https:\/\/schnabelmachine.com\/wp-content\/uploads\/2025\/08\/metalspring-768x512.jpg 768w, https:\/\/schnabelmachine.com\/wp-content\/uploads\/2025\/08\/metalspring-1536x1024.jpg 1536w, https:\/\/schnabelmachine.com\/wp-content\/uploads\/2025\/08\/metalspring-2048x1365.jpg 2048w\" sizes=\"(max-width: 2560px) 100vw, 2560px\" \/><\/figure><div class=\"elementor-image-box-content\"><h2 class=\"elementor-image-box-title\">Esnek \u00c7\u00f6z\u00fcmler<\/h2><p class=\"elementor-image-box-description\">M\u00fc\u015fteri ihtiya\u00e7lar\u0131na \u00f6zel, \u00f6zelle\u015ftirilebilir sistemler<\/p><\/div><\/div>\t\t\t\t<\/div>\n\t\t\t\t<\/div>\n\t\t<div data-particle_enable=\"false\" data-particle-mobile-disabled=\"false\" class=\"elementor-element elementor-element-1b34889b e-con-full e-flex elementor-invisible e-con e-child\" data-id=\"1b34889b\" data-element_type=\"container\" data-settings=\"{&quot;animation&quot;:&quot;fadeInRight&quot;}\">\n\t\t\t\t<div class=\"elementor-element elementor-element-4b4a7a7 elementor-position-top elementor-widget elementor-widget-image-box\" data-id=\"4b4a7a7\" data-element_type=\"widget\" data-widget_type=\"image-box.default\">\n\t\t\t\t\t<div class=\"elementor-image-box-wrapper\"><figure class=\"elementor-image-box-img\"><img fetchpriority=\"high\" decoding=\"async\" width=\"2000\" height=\"1125\" src=\"https:\/\/schnabelmachine.com\/wp-content\/uploads\/2025\/08\/earth-horizon.jpg\" class=\"attachment-full size-full wp-image-125\" alt=\"\" srcset=\"https:\/\/schnabelmachine.com\/wp-content\/uploads\/2025\/08\/earth-horizon.jpg 2000w, https:\/\/schnabelmachine.com\/wp-content\/uploads\/2025\/08\/earth-horizon-300x169.jpg 300w, https:\/\/schnabelmachine.com\/wp-content\/uploads\/2025\/08\/earth-horizon-1024x576.jpg 1024w, https:\/\/schnabelmachine.com\/wp-content\/uploads\/2025\/08\/earth-horizon-768x432.jpg 768w, https:\/\/schnabelmachine.com\/wp-content\/uploads\/2025\/08\/earth-horizon-1536x864.jpg 1536w\" sizes=\"(max-width: 2000px) 100vw, 2000px\" \/><\/figure><div class=\"elementor-image-box-content\"><h2 class=\"elementor-image-box-title\">\u00c7evre Dostu \u00dcretim<\/h2><p class=\"elementor-image-box-description\">Karbon ayak izini azaltan \u00fcretim, \u00e7evre dostu malzemeler, enerji verimli sistemler<\/p><\/div><\/div>\t\t\t\t<\/div>\n\t\t\t\t<\/div>\n\t\t\t\t<\/div>\n\t\t\t\t<\/div>\n\t\t<div data-particle_enable=\"false\" data-particle-mobile-disabled=\"false\" class=\"elementor-element elementor-element-2a5ccd4 e-con-full e-flex e-con e-parent\" data-id=\"2a5ccd4\" data-element_type=\"container\" data-settings=\"{&quot;background_background&quot;:&quot;gradient&quot;}\">\n\t\t<div data-particle_enable=\"false\" data-particle-mobile-disabled=\"false\" class=\"elementor-element elementor-element-14ebb0e1 e-con-full e-flex elementor-invisible e-con e-child\" data-id=\"14ebb0e1\" data-element_type=\"container\" data-settings=\"{&quot;background_background&quot;:&quot;classic&quot;,&quot;animation&quot;:&quot;fadeInLeft&quot;}\">\n\t\t\t\t<div class=\"elementor-element elementor-element-4033ff63 elementor-widget elementor-widget-heading\" data-id=\"4033ff63\" data-element_type=\"widget\" data-widget_type=\"heading.default\">\n\t\t\t\t\t<h6 class=\"elementor-heading-title elementor-size-default\">Schnabel: Alman M\u00fchendisli\u011fi, T\u00fcrkiye\u2019de \u00dcretim M\u00fckemmelli\u011fi\n<\/h6>\t\t\t\t<\/div>\n\t\t\t\t<div class=\"elementor-element elementor-element-12ffa768 elementor-invisible elementor-widget elementor-widget-heading\" data-id=\"12ffa768\" data-element_type=\"widget\" data-settings=\"{&quot;_animation&quot;:&quot;fadeInDown&quot;,&quot;_animation_delay&quot;:200}\" data-widget_type=\"heading.default\">\n\t\t\t\t\t<h2 class=\"elementor-heading-title elementor-size-default\">Neden Alman Teknolojisi?\n<\/h2>\t\t\t\t<\/div>\n\t\t\t\t<div class=\"elementor-element elementor-element-62a62c72 elementor-invisible elementor-widget elementor-widget-heading\" data-id=\"62a62c72\" data-element_type=\"widget\" data-settings=\"{&quot;_animation&quot;:&quot;fadeInUp&quot;,&quot;_animation_delay&quot;:300}\" data-widget_type=\"heading.default\">\n\t\t\t\t\t<div class=\"elementor-heading-title elementor-size-default\">Neden Alman Teknolojisi?\n<\/div>\t\t\t\t<\/div>\n\t\t\t\t<div class=\"elementor-element elementor-element-d6ff3d4 elementor-widget elementor-widget-text-editor\" data-id=\"d6ff3d4\" data-element_type=\"widget\" data-widget_type=\"text-editor.default\">\n\t\t\t\t\t\t\t\t\t<ul data-start=\"737\" data-end=\"972\"><li data-start=\"737\" data-end=\"825\"><p data-start=\"739\" data-end=\"825\"><strong data-start=\"739\" data-end=\"761\">Y\u00fcksek Hassasiyet:<\/strong> Alman m\u00fchendisli\u011finin titizlikle geli\u015ftirdi\u011fi vakum teknolojisi<\/p><\/li><li data-start=\"826\" data-end=\"889\"><p data-start=\"828\" data-end=\"889\"><strong data-start=\"828\" data-end=\"845\">Dayan\u0131kl\u0131l\u0131k:<\/strong> Uzun \u00f6m\u00fcrl\u00fc, bak\u0131m gerektirmeyen bile\u015fenler<\/p><\/li><li data-start=\"890\" data-end=\"972\"><p data-start=\"892\" data-end=\"972\"><strong data-start=\"892\" data-end=\"916\">Sekt\u00f6r Standartlar\u0131:<\/strong> Avrupa\u2019n\u0131n g\u0131da g\u00fcvenli\u011fi ve hijyen normlar\u0131na tam uyum<\/p><\/li><\/ul>\t\t\t\t\t\t\t\t<\/div>\n\t\t\t\t<\/div>\n\t\t<div data-particle_enable=\"false\" data-particle-mobile-disabled=\"false\" class=\"elementor-element elementor-element-6c435d05 e-con-full e-flex elementor-invisible e-con e-child\" data-id=\"6c435d05\" data-element_type=\"container\" data-settings=\"{&quot;animation&quot;:&quot;fadeInRight&quot;}\">\n\t\t\t\t<div class=\"elementor-element elementor-element-1fe45ffc elementor-invisible elementor-widget elementor-widget-image\" data-id=\"1fe45ffc\" data-element_type=\"widget\" data-settings=\"{&quot;_animation&quot;:&quot;fadeInRight&quot;}\" data-widget_type=\"image.default\">\n\t\t\t\t\t\t\t\t\t\t\t\t\t\t\t<img loading=\"lazy\" decoding=\"async\" width=\"1920\" height=\"1080\" src=\"https:\/\/schnabelmachine.com\/wp-content\/uploads\/2025\/08\/schnabel-makina.png\" class=\"attachment-full size-full wp-image-1154\" alt=\"\" srcset=\"https:\/\/schnabelmachine.com\/wp-content\/uploads\/2025\/08\/schnabel-makina.png 1920w, https:\/\/schnabelmachine.com\/wp-content\/uploads\/2025\/08\/schnabel-makina-300x169.png 300w, https:\/\/schnabelmachine.com\/wp-content\/uploads\/2025\/08\/schnabel-makina-1024x576.png 1024w, https:\/\/schnabelmachine.com\/wp-content\/uploads\/2025\/08\/schnabel-makina-768x432.png 768w, https:\/\/schnabelmachine.com\/wp-content\/uploads\/2025\/08\/schnabel-makina-1536x864.png 1536w, https:\/\/schnabelmachine.com\/wp-content\/uploads\/2025\/08\/schnabel-makina-400x225.png 400w, https:\/\/schnabelmachine.com\/wp-content\/uploads\/2025\/08\/schnabel-makina-1120x630.png 1120w\" sizes=\"(max-width: 1920px) 100vw, 1920px\" \/>\t\t\t\t\t\t\t\t\t\t\t\t\t\t\t<\/div>\n\t\t\t\t<\/div>\n\t\t\t\t<\/div>\n\t\t<div data-particle_enable=\"false\" data-particle-mobile-disabled=\"false\" class=\"elementor-element elementor-element-4fa3160e e-flex e-con-boxed elementor-invisible e-con e-parent\" data-id=\"4fa3160e\" data-element_type=\"container\" data-settings=\"{&quot;animation&quot;:&quot;fadeInDown&quot;}\">\n\t\t\t\t\t<div class=\"e-con-inner\">\n\t\t<div data-particle_enable=\"false\" data-particle-mobile-disabled=\"false\" class=\"elementor-element elementor-element-438f042d e-flex e-con-boxed e-con e-child\" data-id=\"438f042d\" data-element_type=\"container\" data-settings=\"{&quot;background_background&quot;:&quot;classic&quot;}\">\n\t\t\t\t\t<div class=\"e-con-inner\">\n\t\t<div data-particle_enable=\"false\" data-particle-mobile-disabled=\"false\" class=\"elementor-element elementor-element-4ccf9187 e-con-full e-flex elementor-invisible e-con e-child\" data-id=\"4ccf9187\" data-element_type=\"container\" data-settings=\"{&quot;background_background&quot;:&quot;gradient&quot;,&quot;animation&quot;:&quot;fadeInUp&quot;}\">\n\t\t\t\t<div class=\"elementor-element elementor-element-3ce2feed elementor-widget elementor-widget-heading\" data-id=\"3ce2feed\" data-element_type=\"widget\" data-widget_type=\"heading.default\">\n\t\t\t\t\t<h2 class=\"elementor-heading-title elementor-size-default\">T\u00fcrkiye\u2019de \u00dcretimin Avantajlar\u0131\n\n<\/h2>\t\t\t\t<\/div>\n\t\t\t\t<div class=\"elementor-element elementor-element-42078e87 elementor-widget elementor-widget-text-editor\" data-id=\"42078e87\" data-element_type=\"widget\" data-widget_type=\"text-editor.default\">\n\t\t\t\t\t\t\t\t\t<p><strong>Yerel \u00dcretim, Global Kalite: D\u00fcnya standartlar\u0131nda \u00fcretim, h\u0131zl\u0131 tedarik ve rekabet\u00e7i maliyet<\/strong><\/p><p><strong>Uzman \u0130\u015f G\u00fcc\u00fc:<\/strong> T\u00fcrkiye\u2019nin deneyimli teknik kadrosuyla hatas\u0131z \u00fcretim s\u00fcre\u00e7leri<\/p><p><strong>Esnek \u00c7\u00f6z\u00fcmler:<\/strong> M\u00fc\u015fteri ihtiya\u00e7lar\u0131na \u00f6zel, \u00f6zelle\u015ftirilebilir sistemler<\/p><p>\u201cAlman m\u00fckemmeliyet\u00e7ili\u011fi ile T\u00fcrk \u00fcretim kabiliyetinin birle\u015fimi\u201d felsefemizle, kahve end\u00fcstrisine en verimli, en g\u00fcvenilir ve en yenilik\u00e7i ta\u015f\u0131ma sistemlerini sunuyoruz.<\/p><p>Schnabel sistemleri, %100 yerli \u00fcretim avantaj\u0131yla d\u00fcnya pazarlar\u0131na a\u00e7\u0131l\u0131yor!<\/p><p>Detayl\u0131 teknik spesifikasyonlar ve \u00fcretim s\u00fcre\u00e7leri i\u00e7in bizimle ileti\u015fime ge\u00e7ebilirsiniz.<\/p>\t\t\t\t\t\t\t\t<\/div>\n\t\t\t\t<\/div>\n\t\t\t\t\t<\/div>\n\t\t\t\t<\/div>\n\t\t\t\t\t<\/div>\n\t\t\t\t<\/div>\n\t\t\t\t<\/div>\n\t\t","protected":false},"excerpt":{"rendered":"<p>Alman m\u00fckemmeliyet\u00e7ili\u011fi ile T\u00fcrk \u00fcretim kabiliyetinin birle\u015fimi Kahve end\u00fcstrisine en verimli, en g\u00fcvenilir ve en yenilik\u00e7i ta\u015f\u0131ma sistemlerini sunuyoruz. Yerel \u00dcretim Global Kalite D\u00fcnya [&hellip;]<\/p>\n","protected":false},"author":1,"featured_media":0,"parent":0,"menu_order":0,"comment_status":"closed","ping_status":"closed","template":"","meta":{"_acf_changed":false,"footnotes":""},"class_list":["post-93","page","type-page","status-publish","hentry"],"acf":{"full_width":false,"header_transparent":false,"header_white":false},"_links":{"self":[{"href":"https:\/\/schnabelmachine.com\/index.php\/wp-json\/wp\/v2\/pages\/93","targetHints":{"allow":["GET"]}}],"collection":[{"href":"https:\/\/schnabelmachine.com\/index.php\/wp-json\/wp\/v2\/pages"}],"about":[{"href":"https:\/\/schnabelmachine.com\/index.php\/wp-json\/wp\/v2\/types\/page"}],"author":[{"embeddable":true,"href":"https:\/\/schnabelmachine.com\/index.php\/wp-json\/wp\/v2\/users\/1"}],"replies":[{"embeddable":true,"href":"https:\/\/schnabelmachine.com\/index.php\/wp-json\/wp\/v2\/comments?post=93"}],"version-history":[{"count":94,"href":"https:\/\/schnabelmachine.com\/index.php\/wp-json\/wp\/v2\/pages\/93\/revisions"}],"predecessor-version":[{"id":1210,"href":"https:\/\/schnabelmachine.com\/index.php\/wp-json\/wp\/v2\/pages\/93\/revisions\/1210"}],"wp:attachment":[{"href":"https:\/\/schnabelmachine.com\/index.php\/wp-json\/wp\/v2\/media?parent=93"}],"curies":[{"name":"wp","href":"https:\/\/api.w.org\/{rel}","templated":true}]}}